se 9.
-36544
Convert c70dc (base 14) to base 11.
2a8a22
What is 10044202 (base 5) in base 15?
190bc
-2006260 (base 7) to base 3
-110001210011
What is 24311375 (base 8) in base 11?
3021621
215154223 (base 6) to base 4
32311020213
-2120114004 (base 5) to base 15
-5d0a89
-1671028 (base 11) to base 5
-1211413330
Convert -132302001 (base 4) to base 14.
-33d3b
Convert 160312 (base 7) to base 14.
b609
-4243065 (base 7) to base 15
-a2860
365ba5 (base 12) to base 16
d726d
3210123032 (base 4) to base 6
32015342
Convert 27d0 (base 14) to base 3.
100122211
ab762 (base 16) to base 10
702306
What is -24b7af (base 16) in base 9?
-4466757
3546 (base 11) to base 16
1228
What is 10100220120222 (base 3) in base 15?
2552d2
-5a7a98 (base 13) to base 8
-10171245
What is -201112020220 (base 3) in base 7?
-3160416
Convert -1114100 (base 7) to base 10.
-138278
Convert -1b0a25 (base 15) to base 13.
-3721ca
6a673 (base 11) to base 2
11000111001001010
-5737 (base 8) to base 14
-1171
What is 1007206 (base 9) in base 15?
a905c
What is -24c553 (base 16) in base 14?
-46a2d5
What is -32123013 (base 4) in base 7?
-334146
What is -174737 (base 9) in base 10?
-108493
17717047 (base 8) to base 13
b2c91c
1acbb3c (base 13) to base 15
bae883
-cb6a8 (base 16) to base 4
-3023122220
What is 399b5 (base 12) in base 11?
54554
a174d (base 16) to base 7
5423030
-384779 (base 10) to base 12
-16680b
Convert -17643 (base 11) to base 10.
-24731
Convert -1001011101111100100011 (base 2) to base 6.
-125110311
What is -11110101111100000 (base 2) in base 8?
-365740
What is 123019 (base 16) in base 12?
495961
Convert 426340 (base 8) to base 6.
3020000
167551 (base 12) to base 15
7961a
Convert -10ca08 (base 13) to base 11.
-253050
1305c (base 13) to base 8
104635
68 (base 16) to base 10
104
Convert 110001110111 (base 3) to base 4.
321323032
-191cbd (base 15) to base 5
-303040003
26252540 (base 7) to base 16
249d46
Convert 11145311 (base 9) to base 13.
11726c8
Convert -1110111121221 (base 3) to base 11.
-491223
24212201 (base 5) to base 10
225926
Convert -12120101 (base 3) to base 7.
-14560
-1543002 (base 6) to base 14
-25426
ce87b (base 15) to base 8
2402432
Convert -624345 (base 11) to base 13.
-2909cc
Convert 7c3177 (base 14) to base 2.
10000001001110000110101
Convert -6924 (base 11) to base 12.
-5325
What is -101045326 (base 7) in base 13?
-12b4949
1330121222 (base 4) to base 2
1111100011001101010
141052512 (base 6) to base 10
2853116
-31030022 (base 4) to base 10
-54026
What is 100311235 (base 7) in base 10?
5818090
2114433 (base 13) to base 9
20836726
What is -82a99a (base 12) in base 10?
-2050822
Convert -35ca4 (base 13) to base 5.
-11130310
Convert -79456 (base 16) to base 10.
-496726
-93746b (base 12) to base 6
-121335015
-18164 (base 9) to base 3
-122012011
What is -66588 (base 12) in base 9?
-226015
-10143431 (base 5) to base 9
-137501
-141103 (base 6) to base 9
-20113
Convert 2253253 (base 6) to base 10.
116097
-1de12a (base 16) to base 15
-28a30b
Convert -142015423 (base 6) to base 14.
-555167
What is 1980cd (base 14) in base 15?
12d551
What is 484e3 (base 15) in base 13?
80c76
What is 1014103 (base 11) in base 15?
255cd5
Convert -82955 (base 10) to base 15.
-198a5
-a82a3 (base 14) to base 16
-63477
cd899 (base 16) to base 5
203420011
Convert -3424100044 (base 5) to base 11.
-4350976
-44d (base 14) to base 9
-1147
-110111000111001101000 (base 2) to base 9
-3352236
1668173 (base 10) to base 4
12113101031
a69747 (base 13) to base 10
3905311
Convert 161ad (base 14) to base 16.
d7bd
-283100 (base 9) to base 15
-36339
What is -1002333120 (base 5) in base 15?
-296640
Convert 1562161 (base 7) to base 4.
310330210
What is 4123443432 (base 5) in base 3?
120211212110101
2344201 (base 5) to base 13
16b59
What is -551c (base 16) in base 4?
-11110130
223411 (base 5) to base 9
11847
What is 2e3899 (base 15) in base 12?
900069
Convert 100001000101010000100100 (base 2) to base 15.
b6487c
What is 50014201 (base 6) in base 16?
156439
Convert 1446634 (base 7) to base 9.
330031
Convert -3455104 (base 7) to base 3.
-211001021011
Convert 6771142 (base 8) to base 7.
21365500
Convert -267954 (base 13) to base 3.
-1202021222120
What is -1808e (base 15) in base 13?
-29516
What is 33bc5 (base 13) in base 3?
11210100101
-1aa355 (base 12) to base 6
-14054145
What is a3d98 (base 15) in base 14?
d7431
What is -2524a (base 12) in base 14?
-14562
-12cc6 (base 16) to base 13
-2907c
-10122112 (base 3) to base 5
-41120
141431023 (base 6) to base 11
1698799
Convert -105811 (base 11) to base 10.
-168686
141348 (base 9) to base 12
41b45
What is 2212414103 (base 5) in base 13?
cc5788
What is 795915 (base 13) in base 12?
b64100
Convert 5272170 (base 9) to base 16.
2b12b0
Convert 115742 (base 9) to base 6.
1255232
Convert -313202201210 (base 4) to base 7.
-234516014
What is -92119 (base 10) in base 6?
-1550251
Convert 571a6 (base 11) to base 15.
197c4
What is -3931d (base 15) in base 10?
-182953
Convert 4b72 (base 16) to base 8.
45562
What is 35310 (base 7) in base 2?
10001101110000
Convert 33803 (base 14) to base 13.
44bc4
What is -11000001110111100011 (base 2) in base 12?
-323657
2772327 (base 8) to base 9
1423768
845550 (base 13) to base 4
23303332203
Convert -15350204 (base 8) to base 4.
-31131002010
-15523521 (base 6) to base 2
-10000111101000001001
Convert -1a5a03 (base 12) to base 11.
-299357
1001512 (base 6) to base 5
3001220
What is 11000100000010 (base 2) in base 3?
122012200
40bb8 (base 13) to base 5
12210004
What is 2033221220 (base 5) in base 8?
20001561
7b50e (base 15) to base 12
16b27b
24240334 (base 5) to base 3
102120012102
What is -231023322 (base 4) in base 11?
-117067
What is -135153343 (base 6) in base 7?
-32345136
2333241442 (base 5) to base 8
24365064
21026031 (base 8) to base 7
52655321
103501344 (base 7) to base 13
1392105
What is 333820 (base 11) in base 13?
158238
121021202 (base 4) to base 2
11001001001100010
-41542 (base 7) to base 14
-3a22
11ad53 (base 16) to base 12
47a503
13b477 (base 13) to base 16
75a7d
Convert 5716b (base 13) to base 2.
100110101011101010
Convert -1233694 (base 15) to base 11.
-7419922
Convert 207375 (base 9) to base 16.
1e278
-3430335 (base 6) to base 8
-525763
What is -12201010011 (base 3) in base 15?
-23451
Convert b756c9 (base 15) to base 3.
121102022201000
What is -d176d (base 15) in base 14?
-13397c
Convert -10e33a1 (base 15) to base 11.
-6921738
-1363520 (base 7) to base 14
-4ad80
Convert -1512430 (base 7) to base 2.
-110010000010111100
What is 112122002022 (base 3) in base 11?
187434
What is -1509c9 (base 14) in base 5?
-141404340
-38a (base 16) to base 15
-406
What is -12105229 (base 10) in base 16?
-b8b60d
1794062 (base 10) to base 11
10159a6
12420040 (base 5) to base 10
123145
Convert -791879 (base 10) to base 16.
-c1547
Convert 3516585 (base 9) to base 6.
104424505
Convert 108406 (base 12) to base 16.
40446
What is -615e (base 15) in base 10?
-20564
What is -501030255 (base 6) in base 7?
-131545604
Convert 1203233313 (base 4) to base 12.
178533
-438630 (base 9) to base 16
-40050
What is 345636 (base 11) in base 14?
1041a1
30044403 (base 6) to base 8
3164263
What is -3313121210 (base 4) in base 14?
-1c5420
Convert -103111131303 (base 4) to base 3.
-100112111220010
What is 1c1357 (base 14) in base 11?
624a94
147653 (base 9) to base 7
526050
Convert 148200 (base 9) to base 13.
32721
-406237 (base 13) to base 4
-11231321302
Convert 22334426 (base 7) to base 13.
52c997
Convert 19068d (base 15) to base 10.
1216483
-1ab2b94 (base 12) to base 11
-3249194
288668 (base 10) to base 16
4679c
-121022021002 (base 4) to base 5
-3142021023
-2041753 (base 11) to base 16
-36fdd2
Convert 79453d (base 15) to base 9.
11787724
What is 33202110331 (base 4) in base 2?
1111100010010100111101
Convert -102916 (base 10) to base 12.
-4b684
Convert -19e81c (base 16) to base 10.
-1697820
-2001022201001 (base 3) to base 16
-109d8f
What is 13000120032 (base 4) in base 13?
4c3c29
Convert -1021001002 (base 3) to base 13.
-b3ab
Convert -1032113100 (base 4) to base 2.
-1001110010111010000
9718841 (base 10) to base 6
544150345
What is -21310223 (base 6) in base 8?
-2320707
What is 4ab9 (base 12) in base 8?
20455
f5b (base 16) to base 5
111211
What is -11010100101010000 (base 2) in base 9?
-175317
-1